y) = -13*y + 33. Calculate t(13).
-136
Let g(a) = a**2 - a - 15. What is g(5)?
5
Let s(a) = a + 1. Determine s(-7).
-6
Let x(n) = 11*n**3 - 2*n**2 + 6*n - 2. Calculate x(2).
90
Let n(v) = 36*v - 228. Determine n(6).
-12
Let g(f) = f**2 + 5*f + 11. Give g(-6).
17
Let s(x) = x**3 + 6*x**2 - 6*x + 12. Give s(-7).
5
Let z(i) = -i**3 - 7*i**2 + i + 12. Calculate z(-7).
5
Let f(q) = -q**2 - 18*q + 55. Determine f(-16).
87
Let k(g) = -g**3 - 4*g**2 + 6*g - 3. Determine k(-5).
-8
Let p(w) = 9*w + 375. What is p(-40)?
15
Let t(m) = -m**3 - 2*m**2 - m + 7. Calculate t(-3).
19
Let j(p) = -2*p**2 + p + 2. What is j(-2)?
-8
Let n(f) = -3*f**2 + 3*f + 4. What is n(3)?
-14
Let v(o) = -o + 15. What is v(0)?
15
Let o(m) = m**3 + 7*m**2 - 61. What is o(-6)?
-25
Let h(g) = -3*g - 1. What is h(-1)?
2
Let o(n) = -n + 4. Determine o(4).
0
Let f(v) = v**3 + 4*v**2 + 4*v + 1. What is f(-4)?
-15
Let k(b) = 9*b - 247. What is k(27)?
-4
Let n(k) = -2*k + 6. Calculate n(4).
-2
Let p(h) = -2*h**3 + 15*h**2 - 10*h + 21. Give p(7).
0
Let p(k) = -8*k**2 + 60*k - 21. Give p(7).
7
Let u(r) = r**2 - 2*r - 12. Determine u(-5).
23
Let j(t) = -t**3 + 41*t**2 + 47*t - 166. Give j(42).
44
Let l(p) = -p**2 - 30*p - 89. Calculate l(-27).
-8
Let s(h) = 2*h - 4. What is s(0)?
-4
Let u(v) = v**2 + 8*v + 6. Determine u(-9).
15
Let g(a) = 2*a - 16. What is g(12)?
8
Let o(c) = -2*c**3 - 22*c**2 - 19*c + 12. Calculate o(-10).
2
Let w(d) = d**3 + 6*d**2 - d - 3. Calculate w(-6).
3
Let w(x) = -5*x**2 - 2*x - 3. What is w(-5)?
-118
Let f(h) = h**3 + h**2 - h. Determine f(-3).
-15
Let r(n) = -n**3 + 18*n**2 - 10*n - 47. What is r(17)?
72
Let m(d) = d + 7. What is m(-6)?
1
Let s(y) = y**2 - 16*y + 48. Give s(6).
-12
Let w(g) = 4*g**2 - 76*g + 11. Determine w(19).
11
Let j(k) = k + 65. Determine j(-26).
39
Let b(k) = 4*k**2 + 47*k - 12. Give b(-12).
0
Let x(g) = -28*g - 280. Calculate x(-10).
0
Let h(v) = -v**3 - 11*v**2 + 11*v - 16. Calculate h(-12).
-4
Let m(c) = c**2 + 16*c + 9. What is m(-14)?
-19
Let c(b) = 12*b - 11. What is c(6)?
61
Let m(y) = y**3 - 9*y**2 - y - 93. Calculate m(10).
-3
Let y(p) = -p**3 + 8*p**2 + 7*p + 16. What is y(9)?
-2
Let f(u) = -68*u**2 - 11*u - 9. Determine f(-1).
-66
Let r(k) = k**3 - 11*k**2 - 12*k + 2. Calculate r(12).
2
Let i(b) = -b**2 + 3. Calculate i(-2).
-1
Let y(k) = k**3 - 9*k**2 - 10*k + 2. Give y(10).
2
Let q(d) = -10*d. Calculate q(-1).
10
Let r(s) = -41*s - 344. Give r(-8).
-16
Let r(y) = -2*y**2 - 1. What is r(-3)?
-19
Let o(y) = 7*y - 6. Determine o(2).
8
Let o(f) = f**3 - f**2 + 4*f + 11. Give o(-2).
-9
Let y(m) = m**2 - 11*m + 18. Calculate y(14).
60
Let n(u) = 2*u**2 + 41*u - 67. What is n(-22)?
-1
Let t(h) = -2*h**3. Determine t(2).
-16
Let x(t) = t**3 - 11*t**2 - 17*t + 6. Determine x(12).
-54
Let q(m) = 23*m. Determine q(-2).
-46
Let x(z) = z**2 + 3*z - 2. Determine x(-2).
-4
Let d(y) = -5*y**2 - 23*y - 2. Give d(-4).
10
Let r(z) = 11*z**2 + z. What is r(1)?
12
Let v(z) = -z - 9. Give v(-6).
-3
Let u(i) = i**3 + 8*i**2 + 7*i + 13. What is u(-7)?
13
Let h(x) = 7*x - 4. What is h(-9)?
-67
Let k(a) = -9*a**3 - a**2 + 5*a. Calculate k(2).
-66
Let g(u) = 7*u + 25. What is g(-4)?
-3
Let g(m) = -2*m + 7. What is g(0)?
7
Let h(t) = -20*t - 5. Give h(1).
-25
Let u(z) = z**2 + 8*z - 5. What is u(-9)?
4
Let n(b) = -b**3 - 2*b**2 - b - 1. Give n(-1).
-1
Let a(x) = 27*x - 221. Determine a(8).
-5
Let m(r) = r**3 + 18*r**2 - 62*r + 19. Give m(-21).
-2
Let v(m) = -8*m**3 - 3*m - 1. What is v(-2)?
69
Let s(k) = 8*k - 1. Give s(4).
31
Let m(o) = o**3 + 17*o**2 + 20*o + 17. What is m(-16)?
-47
Let v(s) = 3*s**2 - 19*s - 18. Calculate v(10).
92
Let m(b) = -3*b**2 - 33*b - 1. Calculate m(-11).
-1
Let l(b) = -2*b**3 + 13*b**2 + 3*b. Give l(7).
-28
Let x(o) = 2*o**2 + 11*o - 171. What is x(7)?
4
Let u(d) = -41*d + 17. What is u(-2)?
99
Let k(d) = d**3 - 19*d**2 - 20*d - 6. Determine k(20).
-6
Let g(l) = -13*l**3 - 3*l**2. Calculate g(-2).
92
Let n(t) = t**3 - 3*t**2 + 5*t - 2. Determine n(2).
4
Let v(g) = 4*g - 35. Give v(7).
-7
Let t(c) = 2*c**3 + 4*c**2 + 2*c - 2. What is t(-3)?
-26
Let c(u) = 48*u - 1. Calculate c(1).
47
Let x(l) = -l**3 + 3*l**2 - 4*l + 22. Calculate x(4).
-10
Let t(o) = -22*o**3 - 1. Calculate t(1).
-23
Let i(q) = -q**3 + 4*q**2 + 6*q - 3. Calculate i(5).
2
Let a(h) = h**2 + 33*h + 64. Calculate a(-31).
2
Let g(o) = -o**3 + 19*o**2 - 58*o - 33. What is g(15)?
-3
Let f(n) = -3*n**2 - 22*n - 17. What is f(-8)?
-33
Let n(u) = 3*u**2 + 4*u. Calculate n(-4).
32
Let k(u) = -u**2 + 4*u - 10. What is k(4)?
-10
Let x(f) = 2*f - 51. Calculate x(9).
-33
Let i(p) = p**2 + 13*p + 2. Determine i(-11).
-20
Let k(d) = -2*d**2 + 8*d - 9. Give k(4).
-9
Let c(q) = q**2 - 8*q + 12. Give c(8).
12
Let w(q) = -q**2 - 26*q + 448. Determine w(-38).
-8
Let n(a) = 15*a + 29. What is n(-2)?
-1
Let b(m) = -m**3 + 8*m**2 + 8*m + 10. Give b(9).
1
Let j(d) = d**2 + 3*d - 15. Calculate j(-8).
25
Let b(d) = -17*d - 22. Give b(-1).
-5
Let s(a) = -10*a + 26. Calculate s(4).
-14
Let r(h) = h**3 + 8*h**2 - 4*h - 28. Determine r(-8).
4
Let v(l) = l**2 - 6*l. Calculate v(6).
0
Let j(k) = -4*k**2 - 57*k - 18. Calculate j(-14).
-4
Let p(r) = 2*r**3 + 4*r**2 - 2*r + 6. What is p(-3)?
-6
Let m(i) = i**3 + 14*i**2 + 3*i + 5. Give m(-14).
-37
Let o(h) = h**2 + 28*h - 44. Give o(-29).
-15
Let u(i) = -i**3 + 9*i**2 - 5*i + 6. Give u(8).
30
Let g(m) = -16*m - 5. Give g(-5).
75
Let y(n) = n**2 - 11*n + 17. Calculate y(8).
-7
Let s(n) = -n**3 + 6*n**2 + 4*n - 11. Give s(6).
13
Let l(f) = -8*f - 53. Give l(-6).
-5
Let p(y) = -y**3 - 30*y**2 + 39*y + 242. Determine p(-31).
-6
Let p(q) = -q**3 + 3*q**2 + 8*q - 48. Give p(6).
-108
Let s(f) = f**3 - 11*f**2 + 11*f - 3. Determine s(10).
7
Let p(w) = -71*w**3 - 2*w**2 + 5*w - 3. Calculate p(1).
-71
Let p(r) = -r**3 - 4*r**2 + 35*r + 26. Calculate p(-8).
2
Let u(m) = -2*m**2 - 17*m + 10. What is u(-10)?
-20
Let g(i) = -i**2 + 5*i + 45. Determine g(-5).
-5
Let q(f) = -12*f**2 - 82*f + 13. Determine q(-7).
-1
Let p(d) = -3*d - 1. What is p(-1)?
2
Let x(n) = n**2 - 4*n - 113. Give x(13).
4
Let p(f) = -2*f - 2. Give p(-2).
2
Let c(m) = 2*m**2 + 4*m + 8. Calculate c(-4).
24
Let p(b) = -b**2 - 4*b + 2. Give p(3).
-19
Let o(w) = -w**3 - 13*w**2 - 17*w - 58. Calculate o(-12).
2
Let v(h) = -h + 3. Give v(0).
3
Let x(l) = 120*l**2 + 1. What is x(1)?
121
Let q(l) = l**2 + 29*l + 183. What is q(-18)?
-15
Let p(x) = 3*x + 3. Calculate p(0).
3
Let s(n) = -13*n - 83. Calculate s(-6).
-5
Let u(i) = -7*i**2 + 12*i - 11. Calculate u(2).
-15
Let i(m) = -m**2 - 87*m + 660. Give i(7).
2
Let j(f) = 2*f**2 + 17*f + 17. Calculate j(-8).
9
Let z(q) = -q**3 + 6*q**2 + 7*q + 2. Determine z(7).
2
Let t(b) = -43*b + 5. Determine t(2).
-81
Let f(m) = -5*m + 15. Give f(5).
-10
Let p(f) = 8*f**2 - 2*f - 2. Calculate p(-2).
34
Let j(f) = -4*f + 5. What is j(-6)?
29
Let y(d) = d**3 - 9*d**2 - 54*d + 23. Give y(13).
-3
Let a(n) = -7*n + 175. Determine a(27).
-14
Let u(q) = q**3 + 7*q**2 - 3*q - 10. What is u(-8)?
-50
Let j(v) = -v**2 + 19*v - 109. Calculate j(10).
-19
Let z(f) = f**3 + 7*f**2 + 2*f - 3. What is z(-6)?
21
Let t(y) = -y**3 - 4*y**2 + 12*y - 3. What is t(-6)?
-3
Let k(s) = s**2 + 12*s - 29. Determine k(-13).
-16
Let l(z) = 2*z - 7. Determine l(-10).
-27
Let u(i) = -i**3 + 6*i**2 - i + 5. Calculate u(6).
-1
Let m(g) = g**2 + 23*g + 26. Calculate m(-20).
-34
Let m(h) = -h**3 + 17*h**2 + 18*h + 4. What is m(18)?
4
Let f(q) = q - 17. What is f(9)?
-8
Let y(h) = -11*h - 55. What is y(-5)?
0
Let p(y) = 3*y**2 + 24*y - 8. Calculate p(-8).
-8
Let i(v) = v**2 + 5*v - 13. What is i(-8)?
11
Let f(u) = -52*u - 204. Give f(-4).
4
Let f(h) = -h + 1. What is f(12)?
-11
Let y(c) = c**2 - 7*c + 3. What is y(3)?
-9
Let z(d) = -35*d + 80. What is z(3)?
-25
Let f(t) = t**3 + 9*t**2 + 12*t - 6. Determine f(-7).
8
Let x(y) = 4*y**2 + 38*y - 11. What is x(-11)?
55
Let v(w) = -w**3 + 4*w - 10. What is v(0)?
-10
Let s(t) = t - 2. Calculate s(-10).
-12
Let h(y) = -y**2 + 23*y - 60. Determine h(3).
0
Let z(b) = -6*b + 3. Determine z(0).
3
Let m(k) = -k**3 + 4*k**2 - 6*k + 3. Calculate m(2).
-1
Let w(t) = t**2 - 5*t + 1. What is w(5)?
1
Let m(z) = -z**3 - 6*z**2 + 2*z - 9. What is m(-5)?
-44
Let j(f) = -f**3 - 6*f**2 - 7*f - 1. Determine j(-2).
-3
Let t(l) = -77*l + 163. Calculate t(2).
9
Let k(b